. Let v(l) = 5*l**2 + 1. Let f be v(-3). Let c = f - 33. What is the remainder when x is divided by c?
12
Suppose 3*o + 24 = 5*o. Calculate the remainder when 59 is divided by o.
11
Let s be 1 - (-5)/(15/78). Suppose -r = -s - 19. Calculate the remainder when r is divided by 12.
10
Suppose -2*m + 5*m - 91 = 4*h, -4*m - h = -115. Calculate the remainder when m is divided by 16.
13
Suppose -3*s = -4*s + 9. Suppose -m = k - 2 - s, k + 5*m - 7 = 0. What is the remainder when k is divided by 7?
5
Let p(y) = -y + 4. Let u(x) = -x - 1. Let h(b) = -p(b) - 5*u(b). Let t(g) = -3*g. Let z(o) = -2*h(o) - 5*t(o). What is the remainder when 55 is divided by z(7)?
17
Let u(q) = q - 2*q + 1 + 3*q**2 - 4. Let o be 6/(-21) - 30/(-7). What is the remainder when u(o) is divided by 14?
13
Suppose -4*l = 2*f - 16, -5*f + 7*l + 55 = 2*l. Calculate the remainder when f is divided by 4.
2
Let q(x) = x - 7. Let k be q(7). Let l = 6 - k. What is the remainder when 34/l + 3/9 is divided by 2?
0
Let y(f) = 27*f - 28. Calculate the remainder when y(5) is divided by 18.
17
Let z = 81 - 43. What is the remainder when z is divided by 80/(-6)*45/(-30)?
18
Suppose 3*u = 6 + 15. Calculate the remainder when u is divided by 4.
3
Let x(w) = -3*w**2 + 4*w + 1. Let g be x(3). Let s = g + -3. Let b = 24 + s. Calculate the remainder when 19 is divided by b.
5
Let x = -12 - -25. Calculate the remainder when 48 is divided by x.
9
Suppose -v = 3*m + 2*m - 23, -4*v = 4*m - 12. Calculate the remainder when (-2 + 2/3)*(-81)/6 is divided by m.
3
Suppose 3*d + 23 = 5*j, -2*d + 22 = -5*d + 4*j. Let f = 10 + d. What is the remainder when 11 is divided by f?
3
Suppose 0 = -r - 12 + 19. Let l = 3 - -16. What is the remainder when l is divided by r?
5
Let o(m) = 7*m - 3. Calculate the remainder when o(2) is divided by 5.
1
Suppose 0 = -2*y, -3*y - 5 - 135 = -4*u. Let w = 85 - u. Suppose 2*c = 2*k + 2*k + 34, -4*c + 2*k = -w. Calculate the remainder when 32 is divided by c.
10
What is the remainder when 76 is divided by (4/(-14))/(4/(-364))?
24
Let y(w) = -w**2 + 2. Let g be y(0). Suppose 5*l - g = 43. Calculate the remainder when 25 is divided by l.
7
Let f = 48 - 72. Calculate the remainder when (-1788)/(-39) + (-6)/(-39) is divided by 32/(-6)*54/f.
10
Calculate the remainder when 1296/21 + (-4)/(-14) is divided by 21.
20
Let k = -2 + 18. What is the remainder when 6 is divided by (1/(-2))/((-2)/k)?
2
Let u(d) = 11*d**3 - d. What is the remainder when 6 - (-5 + -9 - -3) is divided by u(1)?
7
Let l be ((-9)/2 - -3)*-2. Calculate the remainder when (l - 122/8)*-4 is divided by 13.
10
Suppose 5*l = -c + 3, 0 = 4*c - 0*c + 8. Suppose 4*n + 16 = -4*r, 2 = 3*n + 14. Let h = 1 + r. What is the remainder when l is divided by h?
0
Let d be 78/(-4)*(4 - 6). Suppose 3*f = -3*o + d, 2*f + 25 = o - 0*o. What is the remainder when 64 is divided by o?
13
Let d = 10 - 12. Calculate the remainder when 27 is divided by (-1)/((-2)/(-60)*d).
12
Let m(z) = -17*z**2 + 8*z. Let y(v) = 9*v**2 - 4*v. Let f(d) = -6*m(d) - 11*y(d). Calculate the remainder when 93 is divided by f(4).
29
Suppose 0 = -4*a + 2*z - 102, -a - 2*a - 94 = 2*z. Let l = -14 - a. Calculate the remainder when l is divided by 5.
4
Let c(m) = -m**2 + 9*m + 4. Let r = 12 - 7. Suppose -4*u + 2*x = -16, -r*u + 0*u + 3*x = -19. What is the remainder when c(8) is divided by u?
2
Let m = 4 + 77. Calculate the remainder when m is divided by 14.
11
Let a = -37 + 62. Let x(c) = c**3 - c**2 - c + 14. Calculate the remainder when a is divided by x(0).
11
Let m = -2 - -12. Let x(k) = k**2 - 11*k + 10. Let w be x(m). Suppose -c + 41 = -w*c. Calculate the remainder when c is divided by 14.
13
Suppose -3*k + 5*q + 40 = 0, 0*k = k + q. Suppose -g + 5 = 0, k*g + 25 = -y + 84. Calculate the remainder when y is divided by (4/(-6))/(4/(-108)).
16
Suppose -4*l - 56 = -2*l. Let f = l + 45. What is the remainder when 84 is divided by f?
16
Let n be (-5)/(-25) - 129/(-5). Suppose -4*p + n = -34. Calculate the remainder when p is divided by 9.
6
Suppose 2*l - 8 = v, -4*l + v + 2 = -5*l. Let d = l - -6. Suppose -d = -3*t + 2*t. What is the remainder when 23 is divided by t?
7
What is the remainder when (50/4 - 3)*6 is divided by 15?
12
Suppose 0 = -0*k - k + 1. Let b be (-1 - (-2 + k))/2. Suppose -4*j + 36 = -b*j. What is the remainder when j is divided by 5?
4
Suppose -5*n = 2*i + 16, 5*i = 2*n - 108 + 39. Let j = i - -15. What is the remainder when 3 is divided by j?
1
Suppose 1022 = 8*t + 6*t. Calculate the remainder when t is divided by 27.
19
Suppose 0*p + 3*h - 3 = -4*p, 0 = p + 3*h + 6. Calculate the remainder when -3 + 2 - -2*4 is divided by p.
1
Let m(f) = f**3 + 6*f**2 + f + 6. Let c be m(-6). Let z be 29 - c*(-2 + 1). Suppose -2 - z = -g. Calculate the remainder when g is divided by 16.
15
Let r(w) be the second derivative of -w**3/6 + 7*w**2/2 - 4*w. Let j be r(4). Let t = 1 + j. Calculate the remainder when 13 is divided by t.
1
Suppose 5*b - 8 = -3, -2*f + 3*b = -1. Calculate the remainder when 4 is divided by f.
0
Let m(t) = -t**3 - 3*t**2 - 2*t. Let s be 1/(1*(-3)/(-6)). Suppose -3*y - 3 = -s*y. Calculate the remainder when 17 is divided by m(y).
5
What is the remainder when (-68)/(-2) + 2 + -1 is divided by (1 - 1) + (11 - -1)?
11
Suppose 0 = 5*g - d + 8 - 28, 2*d = -5*g + 5. Calculate the remainder when g is divided by 1.
0
Suppose 22 = 4*t + 6. Suppose q - 1 = 0, t*r - 2*q + 5*q - 403 = 0. Let g = r - 66. Calculate the remainder when g is divided by 12.
10
Let i = -10 + 15. Suppose -101 = -5*h - 4*n, 26 = 2*h + 3*n - i*n. What is the remainder when 2/8 + (-393)/(-12) is divided by h?
16
Let w(f) = -15*f - 7. What is the remainder when 157 is divided by w(-4)?
51
Let d(b) = b**3 + 5*b**2 - b - 2. Let n = 13 - 8. Suppose 0*z - n = -z. Calculate the remainder when z is divided by d(-5).
2
Suppose 0 = 8*l - 843 + 251. What is the remainder when l is divided by 21?
11
Let n = -3 - -31. Calculate the remainder when n is divided by ((-30)/8)/(2/(-8)).
13
Suppose -5*r = -b + 10, -r = 1 - 0. What is the remainder when 21 is divided by (-5 - 5)*(-4)/b?
5
Let c(q) = -q**3 - 2*q - 8. Let p be c(-5). Let o = p - 69. Calculate the remainder when o is divided by 10.
8
What is the remainder when 12 is divided by 0 + -2 + (1 - -5)?
0
Suppose 0 = -3*k + 4 + 2. Suppose 39 = 5*x - 3*n - k, -4 = 2*n. Suppose 0*r + 2*r + 2*f - 28 = 0, -4*r = 3*f - 61. What is the remainder when r is divided by x?
5
Calculate the remainder when 5*((-1)/5)/(-1) + 28 is divided by 15.
14
Let z(w) = -7*w + 5. Let n = -1 - 3. What is the remainder when z(n) is divided by (26 + 1)*(-4)/(-12)?
6
Let v(m) = -m**2 + 13*m + 8. What is the remainder when v(12) is divided by 6?
2
Let d = -5 - -22. Calculate the remainder when 31 is divided by d.
14
Suppose 0 = -2*u - 10, 43 = 2*f - 2*u - 63. Calculate the remainder when 287 is divided by f.
47
Suppose -2*u - u - 5*f = -35, u = 4*f + 40. Calculate the remainder when 39 is divided by u.
19
Suppose -6 = -4*b + 10. Calculate the remainder when b is divided by 3.
1
Let p(d) = d + 1. Let q be p(1). Suppose -6 = y - q*y. What is the remainder when y is divided by 3?
0
Suppose -2*r + 3 - 5 = 0. Calculate the remainder when 5 is divided by (0/2 + -3)/r.
2
What is the remainder when 148 is divided by (-2 - -3)*-1 + 26?
23
Let i(h) = h + 28. What is the remainder when 166 is divided by i(-14)?
12
Let b(m) = m**2 - 2*m - 7 + 7*m - m + 0*m**2. Calculate the remainder when b(-6) is divided by 2/(-1)*(-6)/4.
2
Suppose j - 3*j + 74 = 0. Let f = 16 + j. Calculate the remainder when f is divided by 18.
17
Suppose 0*c - 3*c = -3*y + 87, -4*y - 16 = 0. Calculate the remainder when 0/1 + 42*1 is divided by (2/(-2))/(3/c).
9
Let j be 4/(-10) + (-32)/(-5). Let p(w) = -w**3 + 6*w**2 + 6*w - 8. Suppose 2*k - 40 = -2*k. Calculate the remainder when p(j) is divided by k.
8
Let n = 123 + 64. Suppose 5*o + 0*j = -3*j + n, -62 = -2*o + 2*j. Suppose -2*g = 3*g - o. What is the remainder when 13 is divided by g?
6
Let n = -113 + 163. Suppose -8*w + 12*w = 52. Calculate the remainder when n is divided by w.
11
Suppose -3*i + 41 = -19. Let n(v) be the second derivative of -v**3/2 - v**2/2 + v. Calculate the remainder when i is divided by n(-4).
9
Let f(u) = u**3 + 10*u**2 + 7. Calculate t